ime factors of 21856?
2, 683
What are the prime factors of 34730?
2, 5, 23, 151
List the prime factors of 2691.
3, 13, 23
What are the prime factors of 36395?
5, 29, 251
What are the prime factors of 7637?
7, 1091
List the prime factors of 16360.
2, 5, 409
List the prime factors of 9220.
2, 5, 461
List the prime factors of 1700.
2, 5, 17
List the prime factors of 24502.
2, 12251
What are the prime factors of 2433?
3, 811
List the prime factors of 8778.
2, 3, 7, 11, 19
What are the prime factors of 933?
3, 311
What are the prime factors of 112564?
2, 107, 263
What are the prime factors of 3435?
3, 5, 229
What are the prime factors of 113320?
2, 5, 2833
List the prime factors of 554.
2, 277
List the prime factors of 58241.
139, 419
List the prime factors of 968.
2, 11
List the prime factors of 19110.
2, 3, 5, 7, 13
What are the prime factors of 38371?
38371
What are the prime factors of 48071?
53, 907
What are the prime factors of 120191?
263, 457
List the prime factors of 278.
2, 139
What are the prime factors of 1090?
2, 5, 109
List the prime factors of 19079.
19079
List the prime factors of 1932.
2, 3, 7, 23
List the prime factors of 75161.
75161
List the prime factors of 67.
67
What are the prime factors of 84644?
2, 7, 3023
What are the prime factors of 1565?
5, 313
List the prime factors of 30132.
2, 3, 31
List the prime factors of 712.
2, 89
List the prime factors of 1733.
1733
List the prime factors of 17886.
2, 3, 11, 271
List the prime factors of 5015.
5, 17, 59
What are the prime factors of 1355?
5, 271
What are the prime factors of 907?
907
List the prime factors of 1271.
31, 41
What are the prime factors of 4298?
2, 7, 307
List the prime factors of 5653.
5653
What are the prime factors of 936?
2, 3, 13
What are the prime factors of 21629?
43, 503
List the prime factors of 5029.
47, 107
List the prime factors of 4784.
2, 13, 23
List the prime factors of 4029.
3, 17, 79
What are the prime factors of 206?
2, 103
List the prime factors of 16723.
7, 2389
List the prime factors of 1399.
1399
List the prime factors of 1567.
1567
What are the prime factors of 676?
2, 13
What are the prime factors of 1864?
2, 233
What are the prime factors of 943?
23, 41
What are the prime factors of 1934?
2, 967
List the prime factors of 9240.
2, 3, 5, 7, 11
List the prime factors of 10732.
2, 2683
List the prime factors of 8594.
2, 4297
What are the prime factors of 989?
23, 43
List the prime factors of 6111.
3, 7, 97
List the prime factors of 49343.
7, 19, 53
List the prime factors of 808.
2, 101
List the prime factors of 43940.
2, 5, 13
List the prime factors of 2713.
2713
List the prime factors of 5309.
5309
What are the prime factors of 28269?
3, 349
List the prime factors of 8079.
3, 2693
List the prime factors of 79177.
7, 11311
What are the prime factors of 735?
3, 5, 7
List the prime factors of 512.
2
List the prime factors of 18013.
18013
List the prime factors of 4198.
2, 2099
What are the prime factors of 1659?
3, 7, 79
What are the prime factors of 4282?
2, 2141
What are the prime factors of 65572?
2, 13, 97
What are the prime factors of 6497?
73, 89
List the prime factors of 7476.
2, 3, 7, 89
What are the prime factors of 1487?
1487
What are the prime factors of 2912?
2, 7, 13
List the prime factors of 2203.
2203
List the prime factors of 6436.
2, 1609
What are the prime factors of 7950?
2, 3, 5, 53
What are the prime factors of 165841?
13, 12757
What are the prime factors of 470?
2, 5, 47
List the prime factors of 2073.
3, 691
List the prime factors of 19545.
3, 5, 1303
List the prime factors of 97.
97
What are the prime factors of 4866?
2, 3, 811
List the prime factors of 27068.
2, 67, 101
List the prime factors of 93160.
2, 5, 17, 137
List the prime factors of 1463.
7, 11, 19
What are the prime factors of 640?
2, 5
What are the prime factors of 6779?
6779
What are the prime factors of 32?
2
What are the prime factors of 3672?
2, 3, 17
List the prime factors of 59924.
2, 71, 211
List the prime factors of 8145.
3, 5, 181
List the prime factors of 15708.
2, 3, 7, 11, 17
What are the prime factors of 9466?
2, 4733
What are the prime factors of 6959?
6959
What are the prime factors of 26?
2, 13
List the prime factors of 5469.
3, 1823
List the prime factors of 3476.
2, 11, 79
What are the prime factors of 79462?
2, 67, 593
What are the prime factors of 57325?
5, 2293
What are the prime factors of 6399?
3, 79
What are the prime factors of 1638?
2, 3, 7, 13
What are the prime factors of 692?
2, 173
What are the prime factors of 13826?
2, 31, 223
What are the prime factors of 7669?
7669
What are the prime factors of 4174?
2, 2087
What are the prime factors of 167038?
2, 47, 1777
List the prime factors of 5047.
7, 103
List the prime factors of 337.
337
What are the prime factors of 1402?
2, 701
What are the prime factors of 2912?
2, 7, 13
What are the prime factors of 3374?
2, 7, 241
What are the prime factors of 323?
17, 19
List the prime factors of 1834.
2, 7, 131
List the prime factors of 937.
937
List the prime factors of 24097.
24097
What are the prime factors of 25115?
5, 5023
What are the prime factors of 56303?
13, 61, 71
What are the prime factors of 316?
2, 79
List the prime factors of 2207.
2207
What are the prime factors of 9560?
2, 5, 239
List the prime factors of 267.
3, 89
What are the prime factors of 6633?
3, 11, 67
List the prime factors of 51692.
2, 12923
List the prime factors of 14.
2, 7
What are the prime factors of 502?
2, 251
List the prime factors of 798.
2, 3, 7, 19
List the prime factors of 1141.
7, 163
List the prime factors of 15215.
5, 17, 179
List the prime factors of 3638.
2, 17, 107
List the prime factors of 2019.
3, 673
List the prime factors of 7687.
7687
What are the prime factors of 38216?
2, 17, 281
List the prime factors of 27818.
2, 7, 1987
List the prime factors of 4690.
2, 5, 7, 67
What are the prime factors of 371?
7, 53
List the prime factors of 22314.
2, 3, 3719
What are the prime factors of 3322?
2, 11, 151
What are the prime factors of 18099?
3, 2011
What are the prime factors of 24383?
37, 659
What are the prime factors of 2952?
2, 3, 41
What are the prime factors of 19217?
11, 1747
List the prime factors of 90480.
2, 3, 5, 13, 29
List the prime factors of 55680.
2, 3, 5, 29
List the prime factors of 1274.
2, 7, 13
What are the prime factors of 1315?
5, 263
List the prime factors of 3206.
2, 7, 229
What are the prime factors of 12034?
2, 11, 547
What are the prime factors of 8365?
5, 7, 239
List the prime factors of 4713.
3, 1571
List the prime factors of 3125.
5
What are the prime factors of 689?
13, 53
What are the prime factors of 31477?
31477
What are the prime factors of 9955?
5, 11, 181
List the prime factors of 161329.
7, 19, 1213
What are the prime factors of 2333?
2333
List the prime factors of 11488.
2, 359
What are the prime factors of 24207?
3, 8069
List the prime factors of 62446.
2, 31223
What are the prime factors of 39437?
113, 349
List the prime factors of 43.
43
List the prime factors of 6240.
2, 3, 5, 13
What are the prime factors of 3237?
3, 13, 83
List the prime factors of 34576.
2, 2161
List the prime factors of 145878.
2, 3, 41, 593
What are the prime factors of 23311?
23311
List the prime factors of 14738.
2, 7369
List the prime factors of 41789.
11, 29, 131
What are the prime factors of 57363?
3, 19121
List the prime factors of 2650.
2, 5, 53
What are the prime factors of 686?
2, 7
List the prime factors of 887.
887
What are the prime factors of 819?
3, 7, 13
What are the prime factors of 59168?
2, 43
What are the prime factors of 6904?
2, 863
What are the prime factors of 837?
3, 31
List the prime factors of 13481.
13, 17, 61
What are the prime factors of 1628?
2, 11, 37
List the prime factors of 738.
2, 3, 41
List the prime factors of 543.
3, 181
List the prime factors of 1301.
1301
What are the prime factors of 20262?
2, 3, 11, 307
List the prime factors of 15047.
41, 367
List the prime factors of 2360.
2, 5, 59
What are the prime factors of 41396?
2, 79, 131
What are the prime factors of 23975?
5, 7, 137
What are the prime factors of 9317?
7, 11
List the prime factors of 1826.
2, 11, 83
What are the prime factors of 19640?
2, 5, 491
List the prime factors of 8638.
2, 7,